remainder when n is divided by 1?
0
Suppose 2*x + 21 - 3 = 0. Let c = x - -23. Suppose 5*p + 5*y - 2 = -7, -p - 2*y = 6. Calculate the remainder when c is divided by p.
2
Suppose 5*i = -0*i - 3*u + 51, -3 = u. Calculate the remainder when i is divided by (-4)/(168/18) - 104/(-14).
5
Suppose 2*p = 5*y - 3*p + 115, 0 = -5*y - p - 91. Let v = 22 + y. Calculate the remainder when 5 is divided by v.
2
Suppose 0 = -p - 4, 5 = 4*z + 5*p + 13. Suppose -z*m + 12 = -3. Calculate the remainder when m + 1 + -2 + -1 is divided by 2.
1
What is the remainder when 37 is divided by 0 + -3 - (-80)/5?
11
Let r(u) = -2*u**2 + 5*u + 7*u**2 + 4 + 0*u. Let o be r(-3). Suppose 3*x - o - 19 = 5*v, 2*x + 5*v = 2. Calculate the remainder when x is divided by 4.
3
What is the remainder when (110 + 19)*(2/1 - 1) is divided by 26?
25
Let a(g) = -g**2 + 3*g**2 + 4*g - 1 + 3*g**3 - 4*g**3. Let p be a(3). Suppose -3 - 11 = -p*j. Calculate the remainder when j is divided by 4.
3
Let v be (-1 - -1)*(-2)/6. Suppose v*i = -i + 13. What is the remainder when 37 is divided by i?
11
Let k(n) = -n**3 + 7*n**2 + 7*n + 4. Let s be (2/3)/((-1)/(-12)). Let y be k(s). What is the remainder when (-2)/y*(-46)/(-1) is divided by 8?
7
Suppose -g + 4*k = 2, k + k = g + 6. Let h = 31 + g. What is the remainder when (0 - 2)*61/(-2) is divided by h?
19
Let w = -35 + 41. What is the remainder when 9 is divided by w?
3
What is the remainder when 26 is divided by (7/7)/(2/20)?
6
Calculate the remainder when 136 is divided by (92/3)/(7/(63/6)).
44
Suppose p - 2*r = -2, r + 7 + 6 = 4*p. What is the remainder when p is divided by 3?
1
Let n(y) = -y + 1. What is the remainder when 7 is divided by n(-2)?
1
Suppose 348 = 4*c + j, -2*c + 261 = c + 3*j. Calculate the remainder when c is divided by 15.
12
Let x(w) = 15*w**2 - w - 9. What is the remainder when x(-3) is divided by 10?
9
Let s = 5 + -5. Let i = 25 - s. Let v = 35 + -21. Calculate the remainder when i is divided by v.
11
Let p = 13 + -7. Calculate the remainder when 41 is divided by p.
5
Let i(j) = 21*j**3 + j**2 - j + 1. Let w(q) be the first derivative of -3*q**2/2 - q - 2. What is the remainder when i(1) is divided by w(-3)?
6
Suppose 0*l + 50 = -5*l. Let p = l + 18. Let f = 21 + 10. Calculate the remainder when f is divided by p.
7
Let p(b) be the second derivative of 0 - b**3 + 3*b - 1/2*b**2. What is the remainder when p(-5) is divided by 10?
9
Suppose -5*f + f = 8. Let n = 16 - f. Suppose 3*z = -n + 48. Calculate the remainder when z is divided by 4.
2
Suppose 5*f - 16 = p + 2, -4*f + 5*p + 6 = 0. Suppose r + f*d - 17 = 4, 2*d = -r + 13. What is the remainder when r is divided by 2?
1
Let v = 0 - 1. Calculate the remainder when 9 is divided by 1/(-2)*(-9 + v).
4
Suppose 5*b - 26 = -2*x, 4*b = -2*x + 5*x + 30. Suppose 0 = -9*l + 4*l - 15, -4*y + 4*l + 48 = 0. What is the remainder when y is divided by b?
3
Let w = 9 - 6. Let n(l) = l**2 - 2*l + 5. What is the remainder when 20 is divided by n(w)?
4
Let g(f) = 17*f - 29. What is the remainder when g(3) is divided by 4?
2
Suppose 0 = 2*g - a - 7, -g - 3*a - 12 = -4*g. Let m = 39 - 3. Suppose 0 = u + g*u + 2*t - m, 5*t = -20. What is the remainder when u is divided by 4?
3
Suppose 0*x = 3*x - 327. What is the remainder when x is divided by 28?
25
Let l(b) = 2*b**3 + b**2 - 4*b + 3. Let j be (-20)/(-3 - -2 - -2). Let w = -12 - j. Calculate the remainder when l(2) is divided by w.
7
What is the remainder when 53 is divided by (21/2)/((-3)/(-8))?
25
Suppose 104 = -5*o + 599. What is the remainder when o is divided by 25?
24
Suppose h + 3*r - 3 = 0, -5*h + h + 12 = -5*r. Calculate the remainder when 10 is divided by h.
1
Suppose 0 = -t - 3 + 1. Calculate the remainder when 3 is divided by 3 + (1 - t - 3).
0
Suppose 150 = 4*n - 2*n. Let q = 7 + n. Calculate the remainder when q is divided by 21.
19
Suppose n - 3*n + 2 = 0. Suppose 4*q = -4*w + 8, 4*q = -w + n + 1. Calculate the remainder when 35 is divided by (-1)/w - 111/(-6).
17
Calculate the remainder when (-2 - 0) + (10 - 7) is divided by 1.
0
Suppose -3*f + 18 = 4*x, 2*f + x = -0*f + 7. Suppose 1 = -i + 13. Suppose i = h + f*h. Calculate the remainder when h is divided by 3.
1
What is the remainder when 2 - (-3 + 4 + -3) is divided by (0 + -3)/((-12)/8)?
0
Suppose l - 111 = -2*l. What is the remainder when l is divided by 19?
18
Let t(r) = 99*r - 3. Let m be t(7). Suppose 2*j + j = m. Calculate the remainder when j/15 - (-2)/3 is divided by 9.
7
Suppose 2*h - 51 = 11. Let m = -12 + h. What is the remainder when m is divided by 5?
4
Let f = 3 - -87. What is the remainder when f is divided by 13?
12
Suppose 11 = 3*p - 4*o, 3*p = -3*o + 1 - 4. Calculate the remainder when 1 is divided by p.
0
Let t(j) = j**2 - 4*j + 15. What is the remainder when t(3) is divided by 4?
0
Let r = 127 + -60. Calculate the remainder when r is divided by (-1 - -2) + (15 - 2).
11
Let p(s) = s**3 + 6*s**2 - 4. What is the remainder when p(-3) is divided by 8?
7
Suppose -21 = 5*f - 121. Calculate the remainder when 58 is divided by f.
18
Let t(u) = u**2 + u + 19. Let n be t(0). Let o = n + -14. Suppose 53 = 5*c + 13. Calculate the remainder when c is divided by o.
3
Calculate the remainder when (190/5)/(0 - -1) is divided by 4.
2
Suppose i + 8 = -11. Let q = i - -13. What is the remainder when 7 is divided by 16/q*(-12)/8?
3
Let t(p) = p**3 + 17*p**2 + 20. Calculate the remainder when 59 is divided by t(-17).
19
Let p = 2 + 0. Suppose -5*o + 6 = -p*o. Calculate the remainder when ((-28)/12)/((-2)/6) is divided by o.
1
Suppose 6*p = 5*p + 4. Suppose -2*l - 1 = -3*l. Calculate the remainder when 9 + -1 - (2 - l) is divided by p.
3
Let a(f) = -f**2 + 10*f + 2. Let c(g) = 9*g + 7. Calculate the remainder when c(4) is divided by a(9).
10
Let x(o) be the second derivative of -3*o**3/2 - o**2/2 - 2*o. Let b be x(-3). Let k = -9 + b. What is the remainder when 50 is divided by k?
16
Suppose 2*u + 0*u - 8 = 0. Let s = -1 + 38. Calculate the remainder when s is divided by (-2 + -2)*(-13)/u.
11
Let q = -72 + 82. What is the remainder when 13 is divided by q?
3
Suppose -18 + 58 = 2*l. Let d(t) = 6 + 4 + t**3 - 3 + 6*t**2. What is the remainder when l is divided by d(-6)?
6
Let u(y) = -y**3 + 13*y**2 + 14*y + 3. Let h = 12 + -7. Calculate the remainder when h is divided by u(14).
2
Let u(y) = 9*y**2 - 2*y + 1. Let n be u(1). Let l(m) be the third derivative of m**4/12 - 4*m**3/3 - 2*m**2. Calculate the remainder when 23 is divided by l(n).
7
Let k = 12 + -20. Let z = 6 - k. Calculate the remainder when 25 is divided by z.
11
Let k be 8/12 + 50/6. Let m be 102/k*6/2. Suppose 0*l + m = l. Calculate the remainder when l is divided by 18.
16
Let j(d) = d**3 - 9*d**2 + 10*d - 9. Let k = -21 + 34. What is the remainder when k is divided by j(8)?
6
Let j(a) = 2*a**3 - 8*a**2 + 4*a + 5. Suppose 4*r = -0*r + 76. Calculate the remainder when j(5) is divided by r.
18
Let i(s) = s**2 - 4*s - 8. Let h be i(6). Suppose r - h + 0 = 0. Suppose 0 = -2*o + o + 1, -r*l = -5*o - 183. Calculate the remainder when l is divided by 16.
15
Suppose b - 173 = -3*k, -5*b - 255 = -7*k + 2*k. Let x = k - 28. Calculate the remainder when 82 is divided by x.
26
Let n = -2 + 7. Suppose 3*c = n*c. Suppose 0 = f - c*f - 11. What is the remainder when 32 is divided by f?
10
Suppose -w + 3*w - 160 = 0. Suppose 4*h = -h + w. Suppose 3*g - 4*x + 78 = 6*g, -g = -2*x - h. What is the remainder when g is divided by 8?
6
Suppose x + x + 12 = 0. Let v(f) = -f + 1. Calculate the remainder when 12 is divided by v(x).
5
What is the remainder when -8 - -9 - (-2 - 1) is divided by 2?
0
Let f = 10 - -6. Let g be (-4)/18 + 306/(-81). Calculate the remainder when 2/g*0 - -46 is divided by f.
14
Suppose -2*b + 31 = 9. Let q(w) = w**3 + 6*w**2 + 4*w + 2. What is the remainder when b is divided by q(-5)?
4
Suppose -32 = -4*z - 5*s, -4*z = -2*z - 3*s + 6. What is the remainder when 3 is divided by z?
0
Let z = -5 - -9. Suppose z*u + 21 + 1 = 2*d, 2*u + 12 = 2*d. Calculate the remainder when 3 is divided by d.
0
Suppose -17*k + 16*k + 9 = 0. What is the remainder when 26 is divided by k?
8
Suppose -2*g - 4*k + 122 = 0, -5*k = -4*g - 0*k + 309. Calculate the remainder when g is divided by 18.
17
Let h(g) = -2*g + 2. Let v be h(-4). Le